f m and 75.
25
Let p be 38 + (3 - -3 - 2). Calculate the greatest common factor of p and 28.
14
Let y(f) = f**3 - f**2 - f. Let d be y(2). Suppose 4*u = 8, -5*p + d*u = -6*p + 94. Calculate the greatest common divisor of 10 and p.
10
Let v be (-3 - 1)/2 - -7. Let t be 150/(-9)*(-6)/v. Suppose -3*h = -5*u + 2*h + 890, -2*u + 362 = h. Calculate the highest common factor of t and u.
20
Let z be 1*-1 + 122/2. Suppose 0 = 3*t - 24 - z. Let s be (-56)/6*12/(-8). What is the highest common factor of s and t?
14
Suppose -v = -3*m + 240, 3*v - 320 = -3*m - m. Suppose 3*l + 5*c - 30 = 0, 0 = 3*c + c. Calculate the highest common divisor of l and m.
10
Let n(w) = 4*w - 13. Let h be n(7). Suppose 0 = 4*u - 0*d + 3*d - 300, -4*u = 2*d - 300. Calculate the greatest common factor of u and h.
15
Let a = 39 + -27. What is the highest common factor of 12 and a?
12
Suppose -7 = 4*l - 91. What is the greatest common factor of 84 and l?
21
Let x(k) = 4*k - 3. Let v be x(3). Suppose v + 11 = y. Calculate the greatest common divisor of 8 and y.
4
Let d = -10 - -18. Let f = -6 + d. Calculate the greatest common divisor of 5 and f.
1
Suppose -3*o + 4*g - 32 + 216 = 0, o = 3*g + 53. Let s be 0 - (o/(-2) + 2). What is the highest common factor of s and 16?
16
Let y be 6/(-1 - 26/(-22)). Let i be (-106)/(-6) + (-10)/(-30). Let b = 29 - i. Calculate the greatest common factor of y and b.
11
Let b be -1 + (-3 - -2) + 52. Calculate the highest common divisor of 5 and b.
5
Let v = 171 - 153. Let b(z) = z**2 - 4*z + 2. Let t be (-2)/3 - (-14)/3. Let s be b(t). Calculate the highest common divisor of s and v.
2
Suppose -4*z + 100 = -5*n, -n - 13 = z - 29. What is the highest common factor of z and 10?
10
Let s = -7 + 12. Let o(j) = -15*j - 10. Let m be o(-1). What is the highest common divisor of s and m?
5
Let z(w) = -w**3 + 4*w**2 + 6*w - 3. Let l be z(5). Suppose 3*j - 115 = -l*j. What is the highest common divisor of 46 and j?
23
Suppose 4*q - 73 = -3*j + 3*q, 0 = -j - q + 23. What is the greatest common factor of 10 and j?
5
Let r be (-12)/(-5)*1710/27. What is the greatest common factor of r and 19?
19
Let b = 1 + 3. Suppose -5*y + n + 11 = -y, -b*y = -3*n - 17. What is the highest common divisor of y and 16?
2
Let m(o) be the second derivative of 1/12*o**4 + 2*o + 3/2*o**2 + 0 + 0*o**3. Let b be m(-3). What is the greatest common factor of 6 and b?
6
Suppose -5*m + 4*s + 21 + 29 = 0, -2*m = -5*s - 37. Suppose -m*n + 30 = -n. Let a be (-54)/3*(1 + -2). What is the highest common factor of n and a?
6
Let h be 3*(-10)/3 - -2. Let d = -19 - h. Let r = d + 29. What is the highest common factor of r and 9?
9
Suppose 3*j - 17 = -4*q, -2 = -q - 3. Suppose -21 + 147 = 2*d. What is the greatest common divisor of j and d?
7
Let b(x) = -x - 4. Let h be b(5). Let z = h - -18. Let u be z/2 + (-2)/(-4). Calculate the highest common divisor of u and 1.
1
Let f = 6 - -4. Let y(q) = -2*q - 13. Let j be y(-11). Suppose -3*h - j = -39. What is the highest common divisor of f and h?
10
Suppose 0 = 2*p - 54 - 26. Calculate the highest common divisor of 40 and p.
40
Let m be (44/(-10))/(7/(-35)). What is the highest common divisor of m and 55?
11
Let m be 3/9 + 384/9. What is the highest common factor of 43 and m?
43
Let c = 89 - 194. Suppose 2*u - 5*d - 305 = 0, -d - 163 = -2*u + 138. Let w = u + c. Calculate the greatest common factor of 9 and w.
9
Let x be ((-117)/(-12))/((-3)/(-32)). What is the greatest common factor of 13 and x?
13
Let x be 2*2/((-8)/(-334)). Suppose -123 - x = -5*l. Suppose 3*g - 5 = l. What is the greatest common factor of g and 3?
3
Suppose -5*r = -13*r + 688. What is the greatest common factor of r and 43?
43
Let t(u) = u**3 - 5. Let a be t(5). Suppose 2*j + 28 = 2*z + j, 13 = z - j. What is the greatest common factor of z and a?
15
Let i = 4 - 3. Suppose -y + 9 = -7. Let b be y/(-12)*i*-9. Calculate the highest common factor of 18 and b.
6
Let m = -19 - -20. Suppose 0 = -2*h + 2*q + 2, -3*h - q - 9 = -0*q. Let a be 4 - (-2 - (h - m)). Calculate the highest common divisor of a and 1.
1
Let g(y) = y**2 + 3*y + 6. Let i be g(5). Let h = i + -26. What is the greatest common divisor of h and 5?
5
Let v(p) = 55*p - 3. Let l be v(3). Let m = -14 - -18. Suppose 5*k - 18 = m*k. What is the greatest common factor of k and l?
18
Suppose 16 = -2*y - 3*g - g, 4*y - 20 = 5*g. Suppose y = -3*s - 5 + 50. Let o be 27 - -2*(-6)/(-4). Calculate the greatest common divisor of o and s.
15
Let i = 6 - 3. Suppose 4*y - 18 = i*y. Calculate the greatest common divisor of y and 45.
9
Let o(a) = 13*a**2 + 2*a + 3. Let q be o(-1). Calculate the highest common factor of 112 and q.
14
Suppose -4*y = 2 - 794. What is the highest common divisor of y and 18?
18
Suppose 5*z = z. Suppose 3*a = 4*q, -4*q = a - z*q - 16. Suppose p = -a*m + 5*p + 56, 0 = -m - 3*p + 10. What is the greatest common factor of 52 and m?
13
Let s(a) = -a**3 - 4*a**2 + 4*a + 4. Let q be s(-5). Let z = -48 + 147. Calculate the highest common factor of q and z.
9
Let z = -4 - -36. Calculate the greatest common factor of z and 4.
4
Suppose 28*q - 21*q - 98 = 0. Suppose 0 = -4*u - u + 175. What is the highest common factor of u and q?
7
Suppose 2*z + o + 16 = 77, 0 = -2*o + 10. Calculate the greatest common factor of 182 and z.
14
Let u(s) = 13*s**2 + 3*s - 4. Let y be u(1). Let j(v) = -v**3 - 5*v**2 + 2*v - 6. Let d be j(-6). What is the greatest common factor of d and y?
6
Let i(b) = -7*b + 7. Let a be i(-7). Suppose 0 = 4*m - 5*p - 48, -4*m + 4*p = p - a. What is the highest common factor of 68 and m?
17
Let c = 3 + 0. Let f = 5 + c. Let j = 8 - 6. What is the greatest common factor of j and f?
2
Let y(j) = j**3 - 2*j**2 - 3*j - 3. Let i be y(4). Let a be 1356/10 + 10/25. What is the highest common divisor of a and i?
17
Let u be -1*4/(12/(-159)). Calculate the greatest common factor of 477 and u.
53
Suppose 37 = 3*o - 2. Suppose -z + 99 - 21 = 0. Suppose -2*t + z = t. Calculate the highest common factor of t and o.
13
Let t be (-34)/(-4) - 5/10. What is the greatest common factor of 56 and t?
8
Let r be (-620)/(-35) - (-2)/7. What is the greatest common factor of r and 54?
18
Let j(n) = n - 10. Let q be j(14). Calculate the greatest common divisor of 1 and q.
1
Let w(c) = 3*c**2 + 5*c + 2. Let t be w(6). Suppose -m - 172 = -4*j, -2*m = 2*j + j - t. Calculate the greatest common factor of j and 4.
4
Let x(u) = u**2 + 2*u + 5. Let f be x(-5). Suppose -5*d + d = -f. What is the highest common divisor of 35 and d?
5
Let p = 4 - 4. Suppose p*r = 4*r - 16. Calculate the greatest common factor of 20 and r.
4
Suppose -n + 529 = -3*f, 2*n + 722 = -4*f - 0*f. Let w = -103 - f. Calculate the highest common divisor of w and 15.
15
Let t be (9/2)/((-3)/(-30)). Let p(y) = -y + 2. Let z be p(-3). What is the greatest common factor of z and t?
5
Suppose 7*l - 2*l - 294 = 2*k, -15 = -5*k. Let s(i) = i. Let p be s(-1). Let v = 11 - p. Calculate the highest common factor of l and v.
12
Suppose -9 = -2*j + 145. What is the highest common factor of 11 and j?
11
Let f(o) = -o**2 - 10*o + 8. Let b be f(-8). What is the greatest common factor of 120 and b?
24
Suppose -18 = 5*c - 7*c. Let t = 114 - c. What is the greatest common factor of 21 and t?
21
Let l be (-1)/(1/(-116)) + 1. Suppose 0 = 3*t + 4*c - 47, 5*c = -3*t + 62 - 13. What is the highest common factor of l and t?
13
Suppose 0 = 4*y - 3*y - 99. Let z = 29 + -18. What is the greatest common factor of z and y?
11
Suppose 0 = 5*l - 2*l - 429. Suppose -2*z - 58 = -4*g, 59 = 5*g + z + z. Calculate the greatest common factor of l and g.
13
Suppose -2 = -d + 2. Suppose 4*o - 5*o = d. Let n be 1*40 - (-3 - o). What is the greatest common factor of n and 26?
13
Suppose -220 = -11*g + 77. What is the highest common factor of 27 and g?
27
Let h = -37 - -53. Let f be (-110)/(-1) - ((0 - 0) + -2). What is the greatest common divisor of f and h?
16
Let z(l) be the third derivative of l**4/24 + 11*l**3/6 - 2*l**2. Let d be z(-5). What is the greatest common factor of 4 and d?
2
Let y = -12 + 19. Suppose -u + 3 = 4, 4*t + 5*u = y. Calculate the greatest common divisor of t and 12.
3
Suppose 4*i - 231 = i. Let j = -93 + 100. What is the highest common divisor of i and j?
7
Suppose d = -a - 6 + 31, 4*